nds digit of 123845262?
5
What is the hundreds digit of 1522521911?
9
What is the tens digit of 451581812?
1
What is the ten thousands digit of 278938800?
3
What is the units digit of 1184656023?
3
What is the hundreds digit of 60674056?
0
What is the hundreds digit of 769692672?
6
What is the units digit of 656368282?
2
What is the units digit of 1403612058?
8
What is the ten thousands digit of 145325916?
2
What is the hundred millions digit of 1505103577?
5
What is the units digit of 30598456?
6
What is the hundred millions digit of 3301114565?
3
What is the thousands digit of 4084026058?
6
What is the hundred thousands digit of 40816450?
8
What is the hundred thousands digit of 59047768?
0
What is the thousands digit of 215549584?
9
What is the thousands digit of 22080201?
0
What is the millions digit of 34213084?
4
What is the units digit of 25533815?
5
What is the hundred thousands digit of 14766828?
7
What is the ten thousands digit of 645526052?
2
What is the ten thousands digit of 675567004?
6
What is the hundred millions digit of 1916936547?
9
What is the hundred thousands digit of 63829030?
8
What is the ten thousands digit of 228077977?
7
What is the hundreds digit of 423958664?
6
What is the ten millions digit of 2225117797?
2
What is the hundred millions digit of 184829966?
1
What is the ten thousands digit of 957817372?
1
What is the hundred thousands digit of 230699494?
6
What is the ten millions digit of 286773332?
8
What is the millions digit of 132029996?
2
What is the tens digit of 3613454616?
1
What is the thousands digit of 19890925?
0
What is the ten thousands digit of 77521121?
2
What is the hundred millions digit of 1875461824?
8
What is the hundreds digit of 5520164413?
4
What is the ten thousands digit of 301665819?
6
What is the tens digit of 1289138494?
9
What is the tens digit of 3820646462?
6
What is the ten thousands digit of 996989803?
8
What is the ten millions digit of 202144638?
0
What is the ten thousands digit of 9228046?
2
What is the ten thousands digit of 428505610?
0
What is the hundred thousands digit of 52800006?
8
What is the ten thousands digit of 134013780?
1
What is the units digit of 60766080?
0
What is the ten thousands digit of 32653421?
5
What is the millions digit of 326190407?
6
What is the millions digit of 15761245?
5
What is the thousands digit of 47169494?
9
What is the ten thousands digit of 510953774?
5
What is the hundred thousands digit of 87488319?
4
What is the millions digit of 62855754?
2
What is the thousands digit of 200590058?
0
What is the units digit of 73458013?
3
What is the tens digit of 152080286?
8
What is the units digit of 170132731?
1
What is the billions digit of 2948862920?
2
What is the millions digit of 17009670?
7
What is the ten thousands digit of 814288022?
8
What is the units digit of 93042920?
0
What is the ten millions digit of 27304235?
2
What is the millions digit of 163616950?
3
What is the units digit of 444865281?
1
What is the millions digit of 78848246?
8
What is the hundreds digit of 87731397?
3
What is the units digit of 85305607?
7
What is the thousands digit of 294384026?
4
What is the units digit of 2916069016?
6
What is the hundreds digit of 867107133?
1
What is the hundred thousands digit of 1118865671?
8
What is the ten millions digit of 2276028970?
7
What is the units digit of 583576857?
7
What is the tens digit of 9226526?
2
What is the tens digit of 82096038?
3
What is the billions digit of 1009248798?
1
What is the ten thousands digit of 124685092?
8
What is the units digit of 587069541?
1
What is the tens digit of 54178698?
9
What is the hundreds digit of 2221523581?
5
What is the hundreds digit of 347750667?
6
What is the units digit of 430357224?
4
What is the hundred thousands digit of 26299101?
2
What is the hundred millions digit of 340936900?
3
What is the tens digit of 75857682?
8
What is the ten thousands digit of 20180608?
8
What is the millions digit of 194101099?
4
What is the hundred thousands digit of 5110497763?
4
What is the units digit of 4489108716?
6
What is the hundreds digit of 120543666?
6
What is the ten thousands digit of 645052804?
5
What is the millions digit of 67641179?
7
What is the ten millions digit of 526326318?
2
What is the ten millions digit of 17014129?
1
What is the hundred thousands digit of 1212709413?
7
What is the ten thousands digit of 4580517841?
1
What is the thousands digit of 5783951?
3
What is the ten thousands digit of 62396633?
9
What is the millions digit of 30724023?
0
What is the millions digit of 3738331?
3
What is the ten thousands digit of 5197291900?
9
What is the units digit of 33253908?
8
What is the hundreds digit of 41354093?
0
What is the units digit of 135131020?
0
What is the ten millions digit of 362571951?
6
What is the hundreds digit of 146488505?
5
What is the thousands digit of 163593754?
3
What is the thousands digit of 28018915?
8
What is the millions digit of 2231654215?
1
What is the ten millions digit of 1510670919?
1
What is the hundreds digit of 3856965016?
0
What is the hundreds digit of 276390221?
2
What is the tens digit of 26523370?
7
What is the millions digit of 10871230?
0
What is the units digit of 2392859275?
5
What is the millions digit of 1850937558?
0
What is the hundred thousands digit of 54514808?
5
What is the hundred thousands digit of 2155153172?
1
What is the billions digit of 1504985169?
1
What is the units digit of 148137543?
3
What is the hundreds digit of 13122298?
2
What is the hundreds digit of 336706601?
6
What is the millions digit of 864938342?
4
What is the ten millions digit of 300254231?
0
What is the ten millions digit of 162837073?
6
What is the hundred thousands digit of 6021277?
0
What is the thousands digit of 4464014878?
4
What is the tens digit of 893826087?
8
What is the units digit of 117835017?
7
What is the ten millions digit of 42748692?
4
What is the hundreds digit of 3706993784?
7
What is the hundreds digit of 268758463?
4
What is the ten millions digit of 3206451214?
0
What is the tens digit of 95500460?
6
What is the hundreds digit of 1482393612?
6
What is the hundreds digit of 2470007322?
3
What is the thousands digit of 119016713?
6
What is the millions digit of 154712398?
4
What is the hundred thousands digit of 54414063?
4
What is the hundreds digit of 2605414883?
8
What is the hundreds digit of 398750545?
5
What is the tens digit of 1778074973?
7
What is the hundred thousands digit of 880212525?
2
What is the tens digit of 312504908?
0
What is the hundred thousands digit of 285113585?
1
What is the ten millions digit of 4977815424?
7
What is the units digit of 3679449295?
5
What is the thousands digit of 562488884?
8
What is the hundred thousands digit of 44497250?
4
What is the ten millions digit of 13034054?
1
What is the ten millions digit of 949707234?
4
What is the units digit of 808546110?
0
What is the tens digit of 60114856?
5
What is the ten millions digit of 4054046777?
5
What is the ten thousands digit of 12270513?
7
What is the ten millions digit of 75673169?
7
What is the ten millions digit of 95769651?
9
What is the ten millions digit of 189930806?
8
What is the units digit of 4821482384?
4
What is the hundred millions digit of 483681531?
4
What is the hundred thousands digit of 8709284?
7
What is the thousands digit of 290551704?
1
What is the ten thousands digit of 164314770?
1
What is the ten thousands digit of 1462921216?
2
What is the units digit of 6302013258?
8
What is the hundred thousands digit of 100683976?
6
What is the units digit of 130810868?
8
What is the hundred thousands digit of 231919234?
9
What is the hundreds digit of 66634904?
9
What is the tens digit of 223626197?
9
What is the hundred millions digit of 406113914?
4
What is the millions digit of 885007256?
5
What is the millions digit of 36317237?
6
What is the millions digit of 45869017?
5
What is the hundreds digit of 22414553?
5
What is the ten thousands digit of 771451150?
5
What is the thousands digit of 699782365?
2
What is the units digit of 54979895?
5
What is the hundreds digit of 230378538?
5
What is the tens digit of 60837272?
7
What is the hundreds digit of 1023342293?
2
What is the ten thousands digit of 716830